 + 88. Calculate the remainder when r is divided by 29.
25
Let a(r) = -r**3 - 6*r**2 + 7*r - 3. Let b be a(-7). Let p(d) = 7*d**2 - d - 4. Let g be p(b). Calculate the remainder when (g/(-8))/((-1)/4) is divided by 11.
9
Suppose 0*p - 4*p = -12. Suppose -5*x + 4 = 2*v - 24, -p*x - 132 = -5*v. What is the remainder when v is divided by 13?
11
Let o(c) = -c**2 - 5*c + 3. Let g be o(-6). Let p be (10/(-3))/(2/g). Suppose p*u + 2 = 17. Calculate the remainder when 11 is divided by u.
2
Suppose 4*w + 2*y = 52, 4*w - 42 = -y + 4*y. Let v = w + 0. Let n = -1 + 8. Calculate the remainder when v is divided by n.
5
Suppose 4*w - 2*l - 16 = -0*w, -5*w - 3*l + 20 = 0. What is the remainder when 13 is divided by w?
1
Suppose -5*z = 3*g - 371, 3*z - 7*z + g + 307 = 0. What is the remainder when z is divided by 39?
37
Suppose 3*p - 66 = -0. Suppose 2*t - 4 = -3*m + 3, 3*t + 5*m - 11 = 0. Suppose -2*l + 48 = t*l. Calculate the remainder when p is divided by l.
10
Let i = 37 + -21. What is the remainder when i is divided by 9?
7
Let z = 51 + -22. Suppose -f + 3*f + 26 = 4*q, -f - 5 = -q. Calculate the remainder when z is divided by q.
5
Suppose 4*y + 120 = 3*n, -9 = 3*y - 0*y. Calculate the remainder when 70 is divided by n.
34
Let x be -3 + 1/((-1)/(-7)). Suppose -x*c = -109 + 9. Let a(f) = f**3 - 3*f**2 - f - 5. What is the remainder when c is divided by a(4)?
4
Let w(g) = -g**2 + 6*g + 3. Suppose -2*z + 3 = -7. What is the remainder when 23 is divided by w(z)?
7
Let r(g) = g + 13. Calculate the remainder when 113 is divided by r(10).
21
Let j = -6 + -8. Let g = j + 23. Let y(t) = -t**2 + 9*t + 2. What is the remainder when y(7) is divided by g?
7
Let q(i) = 23*i**2 - 2*i + 1. Let u be (-2 - 3*5)/(-1). Suppose 2*n + n - 5*f = 19, u = 2*n + f. Calculate the remainder when q(1) is divided by n.
6
Suppose 5*v + 5*a - 15 = 0, -5*v - 2*a = 2*a - 10. Suppose -2*p = 3*h - 13, 0*h + p = -h + 3. Let r = v + h. What is the remainder when 8 is divided by r?
3
Suppose 0 = 5*n - 0*i - i - 117, -2*n + 50 = -2*i. Calculate the remainder when n is divided by 12.
11
Suppose 2*u - 17 = 31. Let p = 40 - u. Let i(z) = 4*z**2 - 2*z + 4. What is the remainder when i(-3) is divided by p?
14
Let w(y) = y**3 - 10*y**2 + 5. Calculate the remainder when 11 is divided by w(10).
1
Suppose 0 = -5*f - 3*w + 84 + 28, -68 = -3*f - w. What is the remainder when 40 is divided by f?
17
Let p be (-2 - (-8)/6)*-15. Let b be 25/p + 2/4. Calculate the remainder when 23 - b*(1 + 0) is divided by 11.
9
Let h be ((-2)/4)/(1/(-10)). Suppose 0*k - h*k = -20. What is the remainder when 15 is divided by k?
3
Let n(t) = -5*t + 5. Suppose 0 = -2*k - 2*k - 28. What is the remainder when n(k) is divided by 14?
12
Suppose 56 = 7*q - 3*q. Suppose -9*g = -27 - 207. What is the remainder when g is divided by q?
12
Let h(w) = -w - 8. What is the remainder when 5 is divided by h(-11)?
2
Let u(q) = 2*q**2 + 19*q + 36. Suppose -2*y + 3*f = -85, 0*y - 3*f = y - 56. Calculate the remainder when y is divided by u(-8).
11
Suppose 0 = -14*w + 9*w + 155. What is the remainder when w is divided by 8?
7
Suppose 2*t = 2*k + 164, 2*k + k = -t + 78. Calculate the remainder when t is divided by 21.
18
What is the remainder when 18 is divided by 12/48 - 27/(-4)?
4
Calculate the remainder when 82 is divided by -3*34*(-4)/24.
14
Suppose -2*h - 20 = -4*k, -4*h - 3 = 2*k + 7. Let q = k - 0. Suppose -7*g + q*g = -40. What is the remainder when 29 is divided by g?
9
Let b be ((-20)/(-25))/((-1)/15). What is the remainder when 30/4*(-40)/b is divided by 13?
12
Suppose 2*u - 8 = -3*u + q, -u - 4*q = -10. Let b = 5 - u. Suppose b*o - 47 = 91. Calculate the remainder when o is divided by 16.
14
Suppose 2*x - 16 = -2*x. Calculate the remainder when (-79)/(-9) + (-34)/(-153) is divided by x.
1
Let u be 2/(-6) + 176/6. Let f = 60 - u. Calculate the remainder when f is divided by (6/(-5))/(6/(-80)).
15
Let s(r) be the third derivative of -r**6/120 - r**5/12 - r**4/24 - r**3/6 + r**2. Calculate the remainder when 5 is divided by s(-5).
1
What is the remainder when 117 is divided by ((-160)/24)/(2/(-6))?
17
Let h(x) = x**3 - x + 25. Let o be h(0). Suppose -o*b + 20*b + 360 = 0. What is the remainder when b is divided by 25?
22
Suppose 5*w + 4*h + 643 = 0, 405 = -0*w - 3*w + 4*h. Let k = 306 + w. Suppose -7*m = -2*m - k. What is the remainder when m is divided by 18?
17
Let t be 9 + 0*1/2. Calculate the remainder when 52 is divided by (9 + t)/(1/1).
16
Suppose 2*j = -2*j + 112. Calculate the remainder when 83 is divided by j.
27
Let k(z) = z**2 - 6*z - 4. Let p be k(4). What is the remainder when 1 is divided by (-10)/(-8) - (-3)/p?
0
Let z = -274 + 413. Let f = z + -57. What is the remainder when f is divided by 21?
19
Suppose -7*l + 30 = -5*l. Calculate the remainder when 29 is divided by l.
14
Let o = -3 + 9. Suppose -o*x + x = -55. Suppose 0*c - x = -c. Calculate the remainder when 20 is divided by c.
9
Suppose -3*p + 38 = -2*w, -50 + 13 = -3*p + w. Suppose 0 = -h - h + p. What is the remainder when 11 is divided by h?
5
Let p be (2 + -4)*(-3)/2. Suppose 2*f + 7*j - 18 = 2*j, 8 = f + p*j. What is the remainder when 53 is divided by f?
11
Let z be (-3)/(-7) + (-855)/35. Let g = z + 47. What is the remainder when g is divided by (14 + -2)*2/3?
7
Let u be -1*(118 + 2 + -2). Let z = -77 - u. What is the remainder when z is divided by 11?
8
Let t = 14 - -8. Calculate the remainder when t is divided by 13.
9
Let p = 94 - 64. Calculate the remainder when p is divided by 16.
14
Let a(g) = -4*g + 11. Let z be a(-9). Let k(j) = -j**3 - 8*j**2 - 9*j - 4. Let x be k(-6). Let v = z + x. What is the remainder when v is divided by 14?
11
Suppose t = -m + 4, m + 3*t - 5*t + 2 = 0. Suppose -m*d = 2*d - 136. Calculate the remainder when d is divided by 12.
10
Suppose -2*f + 105 = 3*f. Let z = -4 + f. What is the remainder when z is divided by 5?
2
Let q = -37 + 87. Calculate the remainder when q is divided by 17.
16
Let y(c) = 5*c - 2. Let j(l) = 11*l - 6. Let a be j(4). Calculate the remainder when (-1)/(a/(-37) + 1) is divided by y(3).
11
Let c = 22 + -19. Suppose 0 = -4*k + 12, c*p - 3*k - 51 = -7*k. What is the remainder when 50 is divided by p?
11
Let t = 9 - 3. What is the remainder when 26 is divided by t?
2
Calculate the remainder when 9/3*(-77)/(-21) is divided by 4.
3
Suppose 0*y - 3*y = 2*u - 14, u = -3*y + 16. Suppose -34 - y = -4*t. What is the remainder when t is divided by 4?
2
Let f(m) = -m + 5. Calculate the remainder when 30 is divided by f(-6).
8
Suppose 0 = -s + 4*s + 4*h - 18, -2*s + 5 = 5*h. What is the remainder when 18 is divided by s?
8
Let c = -24 + 41. Let v = 16 - 7. Calculate the remainder when c is divided by v.
8
Let m(f) be the third derivative of -f**4/8 + 5*f**3/6 - f**2. What is the remainder when 0 + 0 + 51 + -2 is divided by m(-4)?
15
Suppose 5*c = 2*c + 291. What is the remainder when c is divided by 25?
22
Suppose -h + 2 - 3 = -5*t, 10 = 2*h - 4*t. Suppose 4*m = 66 + 34. Calculate the remainder when m is divided by h.
7
Let z = 2 + -1. Suppose -3*l + 15 = 2*l. Suppose 2 = -l*s + 8. Calculate the remainder when s is divided by z.
0
Let k = 33 + -2. Calculate the remainder when k is divided by 5/45 - 98/(-9).
9
Let c(i) = -i**3 - 11*i**2 + 10*i - 16. Let o be c(-12). What is the remainder when 25 is divided by 74/o + (-5)/20?
7
Suppose k - 176 = -4*q, 9*q - k = 4*q + 229. Suppose 4*x = x + 48. What is the remainder when q is divided by x?
13
Calculate the remainder when 22 is divided by (4*(-2 + 1))/((-6)/12).
6
Suppose 5*o + 75 = 5*r, 6*r = r - 3*o + 107. Let n = 8 - 1. Calculate the remainder when r is divided by n.
5
Suppose -1 = a - 19. Let z(h) = -2*h + 15. Calculate the remainder when a is divided by z(5).
3
Suppose 5*v = 4*i + 12 - 94, 0 = i - 2*v - 22. What is the remainder when i is divided by 5?
3
Let m = -7 + 14. Calculate the remainder when 12 is divided by m.
5
Let m = 325 - 199. Suppose a + 2*u + u = 34, m = 3*a + u. Let f = -4 - -26. Calculate the remainder when a is divided by f.
21
Suppose 0 = -5*j + o - 4*o + 12, -3*o = -3*j + 12. Calculate the remainder when 19 is divided by j.
1
Let y(s) = -2*s - 3. Suppose -4 = -4*f + 4*w + w, 2*f - 4*w = 8. Calculate the remainder when 13 is divided by y(f).
3
Le